(3 + -3)).
46
Calculate 52 + (-9 - (9 + 3 - 14 - -5)).
40
Evaluate (22 - (-40 + 43)) + 12.
31
(77 - (-64 - -115)) + 2
28
What is the value of 3 - (-166 + 143 + -46 + -5)?
77
Calculate 1 + 1 + 7 + -40 + 93 + -28.
34
Calculate (-45 - -4) + (-8 + -3 + 13 - -11).
-28
What is (-1 + -5 - 1) + (-123 - (-150 + 28)) + -41?
-49
Calculate -8 + (105 - 108 - (-1 - 8)) + -11 - -142.
129
8 - (-1 + 6 + -199 + 188)
14
Evaluate 6 + (5 - 0) + -13 + (13 - 19 - -15).
7
Evaluate 88 + -25 + -15 + -22 - 51.
-25
6 - 80 - (-48 + 24 + (-1 - -40))
-89
(12 - (-70 + 172)) + 152
62
Calculate 38 - (-2640 - -2624 - (-47 + 1)).
8
-6 + (41 - (-11 - -21) - 11)
14
Calculate 2 + 68 - (7232 + -7035).
-127
(59 + -14 - 70) + -15 - -99
59
Calculate 9 + -20 + -63 + (0 - 10).
-84
Calculate (1 - -86) + -1244 + 1195.
38
Calculate 0 - -4 - ((30 + 49 + -32 - -16) + 19).
-78
1 + (-16 - ((-4 - -5 - 4) + -1 + 14))
-25
-1 - 22 - (243 - 262)
-4
What is the value of (11 - 0) + -293 + 270 + -3?
-15
Calculate 11 + -27 + (-6 - -15) + -21.
-28
What is the value of 12 + (-17 - 18) - (-42 + 3) - (1 - -2)?
13
Calculate 9 - (1 - -4 - (37 - 44)) - -10.
7
Calculate 1 + 4 + ((8 - 20) + -96 - -13) + -10.
-100
Calculate -142 + (13 + (1 - -1) - (131 - (66 - -51))).
-141
Calculate -10 + -6 + 5 + -5 + 2 + 4 + 13.
3
11 - (-63 - -2 - (26 - 15 - (-5 - -13)))
75
What is -17 - (-66 + 24) - (14 + 14)?
-3
What is 5 + -161 + -1 + (105 + -85 - (-1 - -5))?
-141
What is the value of -49 - -71 - (1 + 6 + -3)?
18
(2 - -1 - (-17 - (-35 + 19))) + 44
48
76 + -2 + 5 + -111
-32
Calculate (548 - 405) + (0 - 34) + 10.
119
Evaluate (-6 - 35) + 97 + 3 + -3 + -15.
41
Evaluate 68 + 35 + (-56 - 27).
20
What is the value of 9594 + -9621 + 0 + 90 + 0?
63
What is the value of 0 + (-25 - (26 - 50) - (0 + -34))?
33
What is 28 + -66 + 103 + -121?
-56
(-2 - 2 - (30 - 13 - 14) - -6) + 23
22
What is the value of (-10 - (-6 - -16)) + 13 + -1 + 19 + 44?
55
What is the value of -11 + (11 - 0) + 78 - (2 + -3 + 8)?
71
Evaluate 38 + -146 + (5 - -96).
-7
Evaluate (16 - (2 - (-26 - -13))) + 12 + (64 - 9).
68
What is the value of 73 + 3 - (126 + -90)?
40
Evaluate -26 + (-32 - -47 - -4) - (3 + 2 + 10).
-22
-36 - (-13 + -48 - -82)
-57
Calculate (-26 - -59) + -65 + -16.
-48
Evaluate 16 + (-5 - -7) - 14 - 17.
-13
41 - (37 + -55 + 32 + 18)
9
What is the value of 67 + (-20 - 23 - 0)?
24
What is the value of 4 + (-21 - -59) + -19 + 1 + -13?
11
-4 + 48 + -642 + 594
-4
What is 62 + (-1 - 21 - (180 + -192)) + -4?
48
Evaluate 19 - (19 + -20 - 1 - -24).
-3
-15 - (15 - 43) - (-30 + 10)
33
What is the value of 21 + -32 + 1 + (14 - (-15 + 17))?
2
Calculate (4 - -19) + -19 + (-1 - -10) + -8 - -72.
77
What is the value of -26 + (-18 + -4 - -54)?
6
What is the value of -31 + -7 + -23 + 24?
-37
What is the value of (-583 - -476) + (-6 - (1 + (7 - 3)))?
-118
Evaluate 61 + 176 + (-120 - 19).
98
What is 7081 + -7055 + (-77 - -1)?
-50
36 + (15 - (22 + 72)) + (14 - 0)
-29
Calculate (-15 - -4) + 10 - (-49 - (-8 - -1)).
41
-16 + (0 - (1 + 5)) - (51 - 46)
-27
Calculate 22 - 36 - -11 - 14.
-17
What is (-95 - -20) + -4 - -56?
-23
What is the value of -5 - (19 - (20 + -8) - (-1 + -2 + -9))?
-24
Evaluate (-34 - -8) + 31 + -6 + 6.
5
(-8358 - -8394) + (2 - (0 - 33))
71
Calculate (-72 - 2) + -2 - -1 - (-130 + -28 - -156).
-73
What is the value of -2 + 70 - (6754 + -6554)?
-132
What is -15 - 0 - (5744 + -5804)?
45
What is the value of (-3 - -79) + (-16 - -24) + -27?
57
What is the value of 122 + (-44 + 0 - (768 + -797))?
107
What is 71 + 5 - (4 + (0 - 0) + 10)?
62
What is the value of 13 - -1 - (990 - 953)?
-23
6 + (22 - 9 - 11) + 9 + -124
-107
Evaluate (-1 + -22 - 1) + -278 + 256.
-46
142 + (119 - 156) + (5 - 7) + 20
123
What is the value of 41 + 27 + -87 - (-161 + 0 - -3)?
139
-20 - (2 - ((-18 - -3) + 13))
-24
Calculate -10 - (74 + (9 - -6 - 2) + -20 + 8).
-85
Evaluate -15 - ((-23 - -40) + -23 - -15).
-24
Calculate -15 + -11 - (-241 + 225).
-10
Evaluate 182 + (-365 - -164) - (86 - 0 - 1).
-104
What is the value of (7 - (0 + 65 + -10) - -12) + -15?
-51
What is the value of -41 + 46 - (-120 + 1 + 2) - (0 - 0)?
122
What is the value of -6 + 2 + 12 - (-8 + (-25 - -13))?
28
(-7 - ((-11 - (7 + -8)) + 1 + 4)) + 25
23
What is the value of -3 + (2 - (-9 + (-5 - -9)) - 7) + -21?
-24
Evaluate 124 - (23 + (-40 - -27) + 22).
92
What is 53 + -12 + 15 + -14 + -4 + -15?
23
What is 2 - -8 - (51 - (-3 + 0)) - (-5 - -20)?
-59
Calculate 19 + ((4 - 0) + -1 - (-601 - -619)).
4
Evaluate -9086 + 8984 + (0 + 6 + -4 - 1).
-101
Evaluate -154 - (74 - 219) - (0 - (-2 - -1) - 64).
54
What is 24 - (-26 + 33) - 65 - -10?
-38
50 + -4 + (-1 - (-3 + 12))
36
What is the value of -74 + (14 + -141 - -245)?
44
Calculate (-35 - (-12 + -4 + -25)) + (-27 - 1).
-22
Calculate (5 - (7 + (7 - (-5 - -14)))) + 2 + -96.
-94
What is -79 - (2 + (-10 - 18) - (-5 + -4))?
-62
Calculate (-1 - -48) + (-5 - ((13 - 24) + -3)).
56
What is the value of (1 - (-1 - 16) - (4210 - 4201)) + 9?
18
(1 - 135) + 1501 + -1388
-21
Evaluate (-27 - (29 + -60)) + 39.
43
What is the value of 17 + -17 + 12 - (4 + (40 - 0))?
-32
What is the value of (-12 - 47) + 77 + (-32 - 4)?
-18
Calculate (-19 - -1) + (126 - -1 - 52 - -3).
60
Evaluate (-25 - -5 - (7 + -19 + -8)) + 40.
40
What is (-45 - (-18 - 36)) + (-45 - 3)?
-39
What is (32 + -102 - -79) + (2 - -33)?
44
18 - ((107 - 104 - (2 - -6)) + 0)
23
-12 + -8 + 2 + 27 + -57
-48
Evaluate -8 + (10 + 1 - (-40 + 52)) + -44 + 0.
-53
What is -6 + -6 + (-12 - -19 - -80) + 9?
84
What is 22 + (-34 - -60) + 26?
74
What is 211 + -243 - (-1 + -3) - -37?
9
Calculate (7 - (0 + (-4 - -7))) + (-9 + 63 - 3).
55
99 - -2 - (-79 + 332 + -239)
87
Evaluate 45 + 20 + -10 + -148.
-93
What is (6 - -8) + -1 + (-1 - 3) + 2367 + -2324?
52
What is 2 + -22 + (1 - 10 - (1339 + -1334))?
-34
What is -4 + 7 - (-11 + (3 - -6) + -1)?
6
Evaluate (52 - (92 - -17)) + 112.
55
Calculate -10 + -1 + 1 + (12 - (113 + -40)) + 63.
-8
-1 + (-77 - (-112 + 52))
-18
-23 - (5 + -9) - (-4 - 6 - (-20 + 12))
-17
Calculate (-1 - -31) + 6 + -19.
17
Calculate (13521 - 13536) + 0 + (-31 - -1).
-45
Evaluate 0 + 8 + (103 + -46 - 34).
31
What is 35 - (-9 + 20 + -13) - 14?
23
What is 42 + -74 + 70 - -76?
114
What is 6 + 20 + -23 + -3 + (-2 - 6)?
-8
206 - (115 - 140 - -152)
79
Evaluate (44 + -1 - 1) + (-39 - -27).
30
-2 + 0 - (30 - 1) - (-62 - (-49 + -1))
-19
-61 + 64 - -13 - -15
31
What is the value of (19 - (-22 + 41)) + -7 + -93 + 11?
-89
Evaluate 26 + -53 + -22 - -75.
26
What is the value of 13 - 0 - (1723 + -1734)?
24
Evaluate -2 + -12 - (523 + -570).
33
15 + -14 + 7 + -10 + 3
1
What is 1 + 49 - (24 + -21 + 42 + -35)?
40
Calculate -24 + 28 - (6 + 45).
-47
What is the value of 6 + -77 + (-51 - -64)?
-58
What is (0 - (13 + -9) - -16) + -12 + (-1 - 0)?
-1
Evaluate 9 + -7 + -4 + 50 + -18.
30
(-1 - (-19 - -8) - ((3 - 5) + -6)) + 8
26
28 + 5 + (-6 - 6) + (7 - (0 + -4))
32
-23 + 118 + (-14 - -39) + -31
89
What is the value of -440 + 372 - (-36 + 3)?
-35
What is the value of 6 - (-19 + 34 + -13) - (-39 - -1)?
42
Evaluate (0 - -1) + (13 + -14 - 11 - -22).
11
1 + 2 + 0 + (-34 - (-41 - -6 - -4))
0
10 - 2 - (5 - 6 - ((13 - 30) + 16))
8
Calculate -8 - (-6 + -10) - (28 + -16) - 134.
-138
Calculate 11 - 2 - 0 - (234 + 114 + -364).
25
Calculate (-67 - -40 - -27) + (40 - 0 - (-6 + 2)).
44
Calculate (39 - 76) + 18 - (-8 + 1 + 23).
-35
(-1 - -20 - 98) + (-18 - -29)
-68
What is the value of -7 - (91 + -3) - ((-3 + -4 - 7) + 17)?
-98
Calculate 42 + -8 + -27 + 25.
32
Evaluate -18 + (1 - 1) - (-2476 - -2480).
-22
What is -3 + -1 + 1 - (2 - 1) - (-78938 - -78903)?
31
What is the value of -76 - (14 + (32 - 22) + -8)?
-92
What is the value of 8 + -3 + -1 + -64 + 74 - 32?
-18
What is -88 - (-32 - (-78 - -174))?
40
What is the value of 3 + -2 + 2 + 7 - (22 - 28)?
16
What is the value of (-9 - 94) + 105 - ((0 - -2) + -3 + 0)?
3
36 - ((-9 - (-5 + (7 - 17))) + 12 + -18)
36
What is -20 + (4 - (-23 + 35 + -71))?
43
What is -8 - (8 + (3 - (52 + 8) - -9) - -1)?
31
(5 - -44) + (448 - 495)
2
11 + (-33 - 17) - -19
-20
What is the value of -25 + (-56 + 138 - 121)?
-64
2 + 4 + 10 + -23 + (2 - -24)
19
Calculate -122 + 118 - (11 + 54) - 25.
-94
Calculate (-6 - -38) + 220 + -255.
-3
What is -840 + 811 + -10 + 0?
-39
Calculate (9 - (-3 + (1 - -8) + -5)) + (-53 - -3).
-42
Evaluate 33 + (-4 - (-2 + 0)) + (179 - (14